- 10/(-6))*-15?
3
Suppose -439 = -47*c + 3133. Suppose -3*v + 42 = -v + 2*t, 3*v = 5*t + 39. Suppose y + 5 = v. Calculate the remainder when c is divided by y.
11
Let t be (2/(-3))/(25/(-825)). Calculate the remainder when 106 is divided by 2/((-6)/(-15)) + t.
25
Let q = 36 + -26. What is the remainder when -29 - (10 + -35) - (0 - 63) is divided by q?
9
Let s = 1 + 22. Suppose -20 = 4*a, a - 6*a = 3*p + 13. Suppose 0 = p*o - 6*o - y + 26, 2*o - 2*y - 20 = 0. What is the remainder when s is divided by o?
11
Let q(r) = 7*r**2 - 3*r - 1. Suppose 3*a - 3 + 12 = 0. Suppose 0 = -4*i + 174 - 30. Calculate the remainder when q(a) is divided by i.
35
What is the remainder when 81 is divided by 54/(-2)*(-114)/171?
9
Let u(g) = -g**2 - 8*g - 5. Let m = -32 + 35. Suppose -m*h = -2*h + 5*k - 26, -5*k = 5*h - 130. Calculate the remainder when h is divided by u(-3).
6
Let t = 16 + -6. Suppose -2*x + x - 2 = 0. Calculate the remainder when x/(-8) - 1265/(-44) is divided by t.
9
Suppose -4*s = -10*s + 36. Suppose -160 = s*g - 11*g. Calculate the remainder when g is divided by 17.
15
Let k = 79 + -44. Let p = 452 - 313. Calculate the remainder when p is divided by k.
34
Let j(b) = -b**2 - 4*b. Let o be j(-3). Suppose 5*f = -v + 21, -o*v + 38 = -3*f - 43. Calculate the remainder when 128 is divided by v.
24
Suppose 5*x - 4*o - 6 = 0, -6*o + 2*o + 2 = -x. Suppose 5*l = -x*f - f - 2, 4*l + 8 = 4*f. What is the remainder when 3 is divided by f?
0
Let x be 0/((1 + 1)*-1). Suppose x = -16*p + 13*p + 60. What is the remainder when 159 is divided by p?
19
Calculate the remainder when 197 is divided by (0 - -1 - 0) + -16 + 81.
65
Suppose 0*n - 36 = -4*n. Suppose -3 = -p + n. Calculate the remainder when 22 is divided by p.
10
Suppose 2 + 8 = 5*h. Suppose -h*c + 15 = 59. Let y = 37 + c. Calculate the remainder when 59 is divided by y.
14
Suppose 100 = -55*k + 51*k. Let p = -12 - k. What is the remainder when 36 is divided by p?
10
Suppose 4*h = 12*h - 168. Let l(y) = -9*y + 3*y**2 - 8 - 7*y**2 + 6*y**2. Calculate the remainder when l(10) is divided by h.
18
Suppose -176*y - 176 = -198*y. Let u = 4 - -11. Calculate the remainder when u is divided by y.
7
Calculate the remainder when 184 is divided by (1 - 0)/(15/870).
10
Suppose 15 = -5*n - 5*k + 45, 0 = -5*n - 3*k + 34. What is the remainder when (2/n)/((-12)/(-624)) is divided by 5?
3
Suppose -53*s - 13 = -52*s. Let i = 92 + s. Suppose -108 = -z - 3*z. Calculate the remainder when i is divided by z.
25
Suppose -3*j + 2*j + 37 = 0. Let a(c) = 2*c + 19. Let z be a(14). Suppose 5*x = -w + z, -w + 22 = x - 5*w. What is the remainder when j is divided by x?
7
What is the remainder when (-662)/(-5627) + 0 + (-6456)/(-34) is divided by 50?
40
Let z(d) = -2*d**2 - 43*d - 38. Calculate the remainder when 957/15 - 3/(-15) is divided by z(-20).
20
Let j(q) = -3*q + 364 - 343 + q**2 - 11*q. What is the remainder when j(14) is divided by 1/((-2)/(-44)*2)?
10
Suppose 5*i - 25 = 0, i - 1 = 2*f - 0*f. What is the remainder when 46 is divided by (-162)/(-14) - ((-18)/21)/f?
10
Let x(u) be the first derivative of 7*u**4/2 + u**2/2 - u - 16. Calculate the remainder when 37 is divided by x(1).
9
Let q = -110 + 198. Let i = q + -63. Suppose -6 = x + 5*p, 0*x - p + 66 = 5*x. What is the remainder when i is divided by x?
11
Calculate the remainder when 4/(2/26*1) is divided by 6.
4
Let h(d) = 2*d**3 - 6*d**2 - 2*d + 1. Let b(o) = 23*o - 45. What is the remainder when h(5) is divided by b(3)?
19
Let h = -8 - -47. Let j be (-23 - 2)/(-7 + 8). Let b = h + j. Calculate the remainder when 53 is divided by b.
11
Let l = 184 - 139. Calculate the remainder when l is divided by 2.
1
Let w(i) = i + 23. Let m = 106 - 125. Calculate the remainder when 58 is divided by w(m).
2
Suppose b + b - 5*t + 106 = 0, -b - 51 = -2*t. Let i = 46 + b. What is the remainder when 17 is divided by i?
2
Let d = 0 - -194. Let g(u) = -u**3 + 10*u**2 - 4*u - 6. What is the remainder when d is divided by g(9)?
38
Let g = -9 - -16. Suppose -g*q - 8 = -11*q. Suppose -5*h + 31 = z, 2*h - 5*z - 5 = q. What is the remainder when 22 is divided by h?
4
Let i(q) = 7*q**3 - q**2 + 3*q - 10. Suppose -s = 5*c - 0*c - 10, 40 = 5*c - 5*s. What is the remainder when i(c) is divided by 45?
44
Let o be 32/(-4)*1/2. Suppose g = k - 1 + 7, -5*g - k + 36 = 0. What is the remainder when 10/o*-6 + -2 is divided by g?
6
Suppose 0 = 2*q - 86 + 22. What is the remainder when 1/(-1)*-59 - -3 is divided by q?
30
Suppose 9*m - 20 = 4*m. Suppose -7*q = -m*q - 9. Suppose -3*d = -d - 3*v - 6, 3*v = q*d - 12. What is the remainder when d is divided by 3?
0
Let p(m) = -13*m - 52. Let a be p(-6). Suppose -4*t - 5*w = -a, -4*t = -w - 8 - 6. Calculate the remainder when ((-17)/(-2))/(1/2) is divided by t.
1
Let h(y) = y**3 - 10*y**2 + 3*y - 12. Let k be (2/3)/((-13)/(-195)). Calculate the remainder when h(k) is divided by 20*(9/(-6) - -2).
8
Suppose -3*o = -3*g - 4*o + 54, -4*o + 12 = 0. Suppose -5*v + 47 = g. Calculate the remainder when 39 is divided by (-8)/12 - (-124)/v.
19
Let g(l) = 3*l**3 - 2*l**2 - 2*l + 2. Let c = 512 - 508. What is the remainder when g(2) is divided by c?
2
Suppose -108 = -9*p + 45. Calculate the remainder when 678 is divided by p.
15
Suppose 3*w - 7*w - 2*f - 82 = 0, -45 = 2*w + 5*f. Let k(x) = -4*x - 26. Calculate the remainder when k(w) is divided by 14.
12
Suppose -5*m - 6*w + 3*w = 277, 0 = -5*m - w - 269. Let c = m - -91. What is the remainder when 148 is divided by c?
34
Let i = -41 + 55. Calculate the remainder when 136 is divided by i.
10
Suppose 2*r - 3 - 7 = 0. Suppose -3*d = t - 13 - 0, -19 = -t - r*d. Suppose -t*g - 31 = -135. What is the remainder when g is divided by 7?
5
Suppose -4 + 46 = j. Let s = j - -20. What is the remainder when s is divided by 6/75 + 3980/250?
14
Calculate the remainder when ((31/4)/(-1))/(7/(-28)) is divided by 12.
7
Suppose 5*k - 16 = 2*n - 2, k + n = 0. Suppose -j - 5*a + 69 = 21, -j - k*a = -45. What is the remainder when j is divided by 15?
13
Suppose 5*k = 25 + 20. Let d = k + 12. What is the remainder when d is divided by 4?
1
Let z = -60 - -62. Suppose 0 = z*n - 5*j + 14, -n - j = -2*j + 1. Calculate the remainder when 4/18 - (-266)/18 is divided by n.
0
Suppose -11*v = -113 + 14. What is the remainder when (-1640)/(-14) + v/(-63) is divided by 24?
21
Let u(g) = g**2 - 11*g + 2. What is the remainder when 41 is divided by u(12)?
13
Let k = 7 - 3. Let z be (3 + -1)/(k/(-18)). What is the remainder when 17 is divided by ((-40)/(-6))/((-6)/z)?
7
Let v(h) = -2*h**3 - 4*h**2 + 4*h - 5. Suppose 0 = -6*c - 3*t + 63, -3*c + 4*t + 21 - 6 = 0. Calculate the remainder when v(-4) is divided by c.
7
Let y be 7 + -8 - (10*24 + 1). Let g = -111 - y. What is the remainder when g is divided by 33?
32
Let z(h) = 3*h + 2 - 14*h - 2 + 2. Let r be z(4). Let y = r - -72. What is the remainder when y is divided by 8?
6
Calculate the remainder when (-6)/(-16) - 4887/(-216) is divided by 14.
9
Let r(i) = -i**2 + i + 6. Let j be r(-2). Suppose j*b = 6*b - 156. What is the remainder when 73 is divided by b?
21
What is the remainder when (76/(-6))/((-1)/3) is divided by ((-12)/9 + -1)/(10/(-60))?
10
Let l(m) = 2*m - 15 - 2 + 5*m. Let p = -203 + 209. What is the remainder when l(p) is divided by 13?
12
Let x(d) = d**2 - 15*d + 61. What is the remainder when x(17) is divided by 49?
46
Let v(m) = m**3 - 25*m**2 + 48*m + 34. Calculate the remainder when v(23) is divided by 80.
0
Suppose -17 = -2*y + l, y - 10 - 1 = l. Suppose -3*i + 0*i = -y. What is the remainder when 5 is divided by i?
1
Suppose -3*n = -5*y + 7, -3*y = -2*n - 1 - 2. What is the remainder when ((-15)/(-2))/((-30)/(-40)) is divided by n?
4
Let j be -5*(3 + -2 + 2). Let z = j - -29. Suppose 22*u = 27*u - 25. Calculate the remainder when z is divided by u.
4
Let l = 215 + -93. Suppose 6 + 94 = 4*s. Calculate the remainder when l is divided by s.
22
Let z be (-2)/(-3) - 708/(-18). Let q = z - 2. Let l = -17 + 31. What is the remainder when q is divided by l?
10
What is the remainder when 77 is divided by (-62 + 79)/(1/1)?
9
Let l = -56 - -56. Calculate the remainder when 152 is divided by (-3)/6*l + 39.
35
Suppose 0 = -5*z - 25, -2*b + 34 = -4*z - 78. What is the remainder when 228 is divided by b?
